111
In base 11, what is -474a4 + -1390?
-48884
In base 3, what is -121120 - -201102221002?
201102022112
In base 4, what is 200 - -21003032011?
21003032211
In base 3, what is 10 + -1020221211111101?
-1020221211111021
In base 16, what is -d54136 + -a?
-d54140
In base 3, what is 1010222 + -222102102?
-221021110
In base 12, what is 23b69a2 - 2?
23b69a0
In base 10, what is -322 + 14809?
14487
In base 16, what is f5f8 - -30?
f628
In base 16, what is -7d07 + 125?
-7be2
In base 14, what is -73b785 - -4?
-73b781
In base 8, what is 2 + -26025537?
-26025535
In base 11, what is -2 - 1449739?
-1449740
In base 8, what is 17030 + 20472?
37522
In base 15, what is 22146 + 24?
2216a
In base 3, what is 11200002222 - -200212?
11200210211
In base 5, what is -41002134 + -4403?
-41012042
In base 4, what is -2222330101 - 10?
-2222330111
In base 7, what is 60064 + -231?
56533
In base 14, what is 3 + -8c04a8?
-8c04a5
In base 2, what is 11 - 101000000001000100010100?
-101000000001000100010001
In base 11, what is -7861 + -4486?
-11237
In base 15, what is 205b40 - -3d?
205b7d
In base 13, what is -2 - -25864c8?
25864c6
In base 13, what is -22c925424 + 1?
-22c925423
In base 5, what is 3010104 + -1320122?
1134432
In base 8, what is 126 + -31341774?
-31341646
In base 9, what is 353674 - -368?
354153
In base 15, what is -6 - ada01?
-ada07
In base 9, what is 32 - 162514?
-162472
In base 9, what is -4124 - -53551?
48426
In base 5, what is 3 + -100432412230?
-100432412222
In base 12, what is -17aaa8 + 1603?
-1794a5
In base 16, what is -59e4a - 1a?
-59e64
In base 2, what is -100 + -100010111000011110001111?
-100010111000011110010011
In base 5, what is -320141234 + 20?
-320141214
In base 8, what is -13 + 256401400?
256401365
In base 14, what is -2 - 21915c73?
-21915c75
In base 6, what is -2053 - 45554?
-52051
In base 13, what is 2 + 18c5271b?
18c52720
In base 2, what is 10110000000011101 - -11000100100?
10110011001000001
In base 6, what is -10124035 + 233?
-10123402
In base 16, what is -3b8f + 784?
-340b
In base 8, what is 1111333 + -2620?
1106513
In base 2, what is 100101111000100111 + -110111?
100101110111110000
In base 16, what is -1e73bc4b + -1?
-1e73bc4c
In base 15, what is 1841 + 1090?
28d1
In base 5, what is -4 + 110302010403?
110302010344
In base 6, what is -331 - -101025152?
101024421
In base 10, what is 3 - 1968083?
-1968080
In base 16, what is -15095 + -231?
-152c6
In base 14, what is -8 - -b4c6d?
b4c65
In base 5, what is 101332 + -101132?
200
In base 9, what is 35 - 14737451?
-14737415
In base 8, what is -62070520 - -4?
-62070514
In base 10, what is -161525661 + 0?
-161525661
In base 11, what is 177 - -23476?
23642
In base 4, what is -1300303020101 + -2?
-1300303020103
In base 11, what is -143130 + -48?
-143178
In base 3, what is 1112111211210 + 100111?
1112112012021
In base 13, what is 6 + -144272a?
-1442724
In base 16, what is -65a1 + 1944?
-4c5d
In base 5, what is 111414111 + -42?
111414014
In base 6, what is -24023333 - -2?
-24023331
In base 12, what is 1a979297 - 5?
1a979292
In base 2, what is 11100010100010 + -10000000000001101?
-1100011101101011
In base 14, what is -1cc + -75db?
-77c9
In base 16, what is 4 + -4955bde?
-4955bda
In base 3, what is 10011 + -112202201220?
-112202121202
In base 8, what is 74562330 + 1?
74562331
In base 10, what is 2 + -9131784?
-9131782
In base 11, what is -2895 + 6a28?
4143
In base 13, what is -3 - 24a1227?
-24a122a
In base 2, what is 1000000110000100011010 + -110?
1000000110000100010100
In base 5, what is 2 + 202314322030?
202314322032
In base 7, what is 2023401 + -4?
2023364
In base 4, what is 301 - -221100030203?
221100031110
In base 9, what is 3174277 + 2?
3174280
In base 16, what is -b - -7fc62c9?
7fc62be
In base 2, what is 100001 + 1101001000000111100100?
1101001000001000000101
In base 9, what is -12 + -18262012?
-18262024
In base 2, what is -101 - 110111111010010000110?
-110111111010010001011
In base 12, what is 1 + -98324?
-98323
In base 8, what is -6046051 + 1?
-6046050
In base 5, what is 130401 + 310402?
441303
In base 15, what is -1014 + 7ba1?
6b8c
In base 16, what is -24 - -39937d?
399359
In base 9, what is 32363344 - -3?
32363347
In base 16, what is -4e + -1709?
-1757
In base 5, what is -3134432322 - 20?
-3134432342
In base 14, what is 4 + 2295b696?
2295b69a
In base 8, what is 11 - 434770?
-434757
In base 7, what is 25243432 + 1140?
25244602
In base 4, what is -122323031101 + -11?
-122323031112
In base 10, what is -35982 - -69?
-35913
In base 9, what is -362581 + 26?
-362554
In base 4, what is -132 + -1122201332?
-1122202130
In base 12, what is 72 + 6370b8?
63716a
In base 8, what is 2107777541 - -3?
2107777544
In base 12, what is -a8a09 + 19?
-a89b0
In base 8, what is 10 - -1617636?
1617646
In base 13, what is -19 + 679132?
679116
In base 3, what is 202201101000000102 + 0?
202201101000000102
In base 3, what is 222001100 + -201020?
221100010
In base 9, what is -6044 + -21018?
-27063
In base 10, what is 29017 + -173?
28844
In base 3, what is -120112220210212 + 0?
-120112220210212
In base 12, what is 7ab4729 + -3?
7ab4726
In base 11, what is -4 + 9585603?
95855aa
In base 8, what is 3364557 - 17?
3364540
In base 12, what is -73198 + -11?
-731a9
In base 15, what is 4d - -1cc75?
1ccc3
In base 14, what is -a713a - -7dc?
-a673c
In base 16, what is 1d6e + -835?
1539
In base 4, what is -11120130321 + 101?
-11120130220
In base 12, what is -31964248 + -2?
-3196424a
In base 10, what is -1962 + -12542?
-14504
In base 2, what is 11 - 1100101000100101111000111?
-1100101000100101111000100
In base 2, what is -101011111101 + -1101010100110?
-10010110100011
In base 5, what is 11104 + -3302200?
-3241041
In base 12, what is -6 - 229b112?
-229b118
In base 5, what is 1 + 3042220213?
3042220214
In base 13, what is 1bb23 + 20?
1bb43
In base 16, what is 4 - 7771dc?
-7771d8
In base 14, what is 915a - 173?
8dc7
In base 15, what is 44a - -1d3e?
2289
In base 7, what is 62102234 - 0?
62102234
In base 5, what is -11441144 - -10134?
-11431010
In base 14, what is -7572dc - -60?
-75727c
In base 8, what is 1027 - 254244?
-253215
In base 13, what is 46c6009 - 5?
46c6004
In base 12, what is -16 + 261948?
261932
In base 16, what is c76971f + 5?
c769724
In base 4, what is -221 - -1002013122220?
1002013121333
In base 2, what is 1 + -1011010000011001110110?
-1011010000011001110101
In base 7, what is -161 - -1306443?
1306252
In base 6, what is 10025035415 - 33?
10025035342
In base 6, what is 1 - -431315522?
431315523
In base 9, what is 257416 + 303?
257720
In base 11, what is 1793 - -377442?
379125
In base 6, what is -21241414510 + 5?
-21241414501
In base 5, what is -1134040110 + -1023?
-1134041133
In base 5, what is -1010021243 - 3?
-1010021301
In base 12, what is -17247a80 + 4?
-17247a78
In base 11, what is 1 - -1267444?
1267445
In base 2, what is -1111000 + 101001000110110001?
101001000100111001
In base 2, what is 0 + -11110111011001111011000?
-11110111011001111011000
In base 10, what is 21491581 + 1?
21491582
In base 12, what is 445 - -3190?
3615
In base 16, what is -a6dbb + 6?
-a6db5
In base 11, what is -2 - 1a1768?
-1a176a
In base 15, what is -39a64c8 + 19?
-39a64ae
In base 10, what is 407 - -29454?
29861
In base 16, what is 102f0 - 8?
102e8
In base 15, what is 4 - -214134?
214138
In base 12, what is -4 - 1b76397?
-1b7639b
In base 6, what is 31151440440 + -4?
31151440432
In base 15, what is 4 - -e103c3?
e103c7
In base 7, what is 152 - -3622353?
3622535
In base 5, what is -203101142 - -2032?
-203044110
In base 16, what is -24 - -109c1d?
109bf9
In base 14, what is -3 - -67ac42?
67ac3d
In base 10, what is -209 - -3900?
3691
In base 8, what is -617 + 175376?
174557
In base 12, what is -1022 - -2733?
1711
In base 14, what is -5 + -18daa5?
-18daaa
In base 11, what is -3923a747 - 3?
-3923a74a
In base 11, what is -1a + -145220?
-14523a
In base 6, what is -325110 + -542?
-330052
In base 6, what is -10 + -200154123?
-200154133
In base 3, what is -1201112101 + -112200200?
-2021020001
In base 10, what is -172 - -27585?
27413
In base 14, what is 4219 - c8?
4131
In base 10, what is 3615 + 53679?
57294
In base 15, what is 171e296 + -3?
171e293
In base 2, what is 1010111101100 + -111010000?
1010000011100
In base 11, what is 664964 + 196?
66504a
In base 14, what is -12 